in base 16?
8
What is -10 (base 6) in base 5?
-11
11 (base 5) to base 12
6
Convert 114 (base 5) to base 11.
31
Convert -216 (base 7) to base 4.
-1233
What is -3 (base 14) in base 9?
-3
Convert -1122 (base 3) to base 6.
-112
What is 3 (base 11) in base 4?
3
What is 1 (base 9) in base 11?
1
What is -32 (base 6) in base 4?
-110
What is 42 (base 5) in base 16?
16
Convert -2 (base 3) to base 5.
-2
12 (base 11) to base 7
16
Convert 9 (base 16) to base 8.
11
178 (base 12) to base 10
236
1 (base 4) to base 6
1
Convert 1 (base 8) to base 10.
1
Convert 5 (base 16) to base 2.
101
-8 (base 16) to base 6
-12
112 (base 3) to base 9
15
Convert 27 (base 10) to base 7.
36
Convert 212 (base 3) to base 2.
10111
What is -184 (base 13) in base 5?
-2102
Convert -13 (base 14) to base 4.
-101
-190 (base 12) to base 16
-fc
What is -166 (base 12) in base 15?
-ec
Convert -1a (base 16) to base 11.
-24
-11 (base 2) to base 11
-3
-31 (base 5) to base 3
-121
Convert -a (base 14) to base 8.
-12
5 (base 7) to base 11
5
What is 6 (base 15) in base 14?
6
Convert -3 (base 16) to base 10.
-3
-30 (base 4) to base 16
-c
-10 (base 4) to base 7
-4
What is -4 (base 15) in base 2?
-100
What is 57 (base 11) in base 14?
46
Convert -18 (base 11) to base 3.
-201
What is -56 (base 15) in base 5?
-311
What is 9 (base 11) in base 16?
9
What is -20 (base 9) in base 12?
-16
-70 (base 11) to base 13
-5c
What is -110 (base 5) in base 15?
-20
What is -101 (base 3) in base 8?
-12
-3 (base 7) to base 11
-3
-1 (base 2) to base 3
-1
Convert -3000 (base 4) to base 16.
-c0
Convert -620 (base 7) to base 11.
-260
-311 (base 4) to base 10
-53
Convert 0 (base 4) to base 12.
0
Convert -27 (base 8) to base 4.
-113
What is -12 (base 4) in base 16?
-6
2 (base 4) to base 12
2
Convert 11 (base 16) to base 13.
14
Convert 64 (base 12) to base 3.
2211
1101001 (base 2) to base 14
77
Convert -12 (base 8) to base 12.
-a
What is 2 (base 3) in base 8?
2
Convert 1 (base 7) to base 5.
1
-443 (base 6) to base 4
-2223
What is -1 (base 16) in base 10?
-1
What is 4 (base 13) in base 6?
4
-3 (base 11) to base 2
-11
0 (base 6) to base 15
0
Convert 123 (base 4) to base 12.
23
What is 1 (base 7) in base 6?
1
-2 (base 10) to base 6
-2
-c (base 15) to base 10
-12
Convert -11 (base 13) to base 6.
-22
What is 310 (base 7) in base 12?
10a
0 (base 12) to base 2
0
Convert -1 (base 16) to base 13.
-1
Convert -1110 (base 2) to base 10.
-14
-1 (base 16) to base 13
-1
-10133 (base 4) to base 3
-101122
Convert -1 (base 7) to base 6.
-1
What is 12 (base 6) in base 16?
8
-40 (base 5) to base 15
-15
3 (base 11) to base 9
3
What is 47 (base 14) in base 9?
70
-2 (base 10) to base 13
-2
What is 58 (base 9) in base 16?
35
Convert 1 (base 5) to base 11.
1
What is 5 (base 10) in base 4?
11
-10100010 (base 2) to base 3
-20000
Convert a (base 15) to base 6.
14
221 (base 11) to base 9
324
1 (base 12) to base 13
1
-183 (base 10) to base 6
-503
11 (base 8) to base 3
100
What is -15 (base 8) in base 6?
-21
Convert -10 (base 3) to base 4.
-3
0 (base 6) to base 10
0
28 (base 16) to base 6
104
-5 (base 15) to base 11
-5
What is 21 (base 10) in base 3?
210
14 (base 12) to base 3
121
What is 1120 (base 3) in base 16?
2a
15 (base 6) to base 13
b
What is ba (base 14) in base 6?
432
What is -1 (base 3) in base 7?
-1
Convert cf (base 16) to base 14.
10b
Convert 1 (base 3) to base 5.
1
Convert -4 (base 10) to base 9.
-4
What is -101111 (base 2) in base 5?
-142
-7 (base 13) to base 14
-7
0 (base 16) to base 9
0
What is 3 (base 15) in base 7?
3
-113 (base 8) to base 5
-300
Convert 41 (base 11) to base 8.
55
Convert -1041 (base 6) to base 12.
-181
Convert 15 (base 11) to base 3.
121
What is -80 (base 15) in base 10?
-120
What is 145 (base 16) in base 5?
2300
-8 (base 10) to base 13
-8
Convert -130 (base 6) to base 8.
-66
Convert 1 (base 11) to base 4.
1
Convert -1010001 (base 2) to base 3.
-10000
Convert -15 (base 6) to base 13.
-b
-1 (base 4) to base 7
-1
What is -1010 (base 2) in base 7?
-13
What is -453 (base 7) in base 4?
-3222
What is -3 (base 4) in base 6?
-3
Convert 126 (base 7) to base 15.
49
What is -10 (base 2) in base 3?
-2
What is -5 (base 13) in base 5?
-10
Convert 54 (base 9) to base 14.
37
3 (base 11) to base 7
3
Convert -2 (base 5) to base 12.
-2
-1 (base 11) to base 9
-1
-110 (base 2) to base 13
-6
What is 12 (base 6) in base 10?
8
-9 (base 15) to base 5
-14
Convert -d (base 15) to base 6.
-21
101 (base 2) to base 16
5
Convert -11 (base 14) to base 4.
-33
Convert -6 (base 16) to base 13.
-6
What is -1 (base 15) in base 6?
-1
169 (base 12) to base 13
144
-3 (base 15) to base 3
-10
Convert -5 (base 9) to base 12.
-5
Convert -33 (base 9) to base 8.
-36
6 (base 15) to base 14
6
Convert 3 (base 10) to base 3.
10
What is 3 (base 15) in base 2?
11
What is -22 (base 6) in base 11?
-13
-101 (base 4) to base 15
-12
-233 (base 5) to base 7
-125
Convert -2 (base 7) to base 9.
-2
Convert 70 (base 12) to base 6.
220
Convert -3 (base 4) to base 16.
-3
Convert -76 (base 10) to base 9.
-84
What is 1 (base 5) in base 14?
1
What is -1001111 (base 2) in base 15?
-54
Convert 13 (base 12) to base 9.
16
Convert -10 (base 5) to base 11.
-5
Convert 4 (base 11) to base 8.
4
-21 (base 12) to base 7
-34
8 (base 11) to base 16
8
What is -24 (base 11) in base 10?
-26
Convert 17 (base 10) to base 14.
13
What is 13 (base 6) in base 12?
9
Convert -111 (base 6) to base 16.
-2b
Convert -1 (base 15) to base 16.
-1
Convert 6 (base 12) to base 4.
12
1 (base 6) to base 8
1
5 (base 10) to base 4
11
What is -7 (base 8) in base 15?
-7
What is d0 (base 14) in base 2?
10110110
-1 (base 12) to base 8
-1
What is -24 (base 11) in base 8?
-32
Convert 46 (base 7) to base 9.
37
What is -1 (base 16) in base 8?
-1
Convert -41 (base 15) to base 11.
-56
-21 (base 4) to base 11
-9
352 (base 9) to base 11
244
Convert 45 (base 16) to base 7.
126
Convert 11002 (base 3) to base 8.
156
-9 (base 16) to base 13
-9
-10 (base 3) to base 14
-3
-5 (base 11) to base 2
-101
Convert 2c (base 14) to base 2.
101000
Convert -122 (base 11) to base 13.
-b2
-1 (base 6) to base 4
-1
Convert 1 (base 9) to base 6.
1
Convert 5 (base 15) to base 11.
5
20 (base 11) to base 9
24
What is -1c (base 13) in base 10?
-25
Convert 116 (base 7) to base 13.
4a
What is 13 (base 9) in base 4?
30
Convert 4 (base 14) to base 8.
4
What is 16 (base 9) in base 10?
15
Convert -2 (base 5) to base 4.
-2
What is 3 (base 10) in base 12?
3
What is 1 (base 12) in base 8?
1
Convert 110 (base 2) to base 8.
6
Convert -222 (base 4) to base 2.
-101010
What is 0 (base 7) in base 3?
0
3a (base 13) to base 2
110001
Convert 1 (base 9) to base 3.
1
-20 (base 4) to base 15
-8
What is -6 (base 10) in base 11?
-6
What is -7 (base 15) in base 16?
-7
What is -11 (base 11) in base 12?
-10
10 (base 2) to base 7
2
What is -23 (base 7) in base 2?
-10001
What is -120 (base 4) in base 10?
-24
What is 10101101 (base 2) in base 13?
104
Convert -1 (base 11) to base 4.
-1
Convert 552 (base 6) to base 13.
134
What is -120 (base 5) in base 13?
-29
51 (base 8) to base 4
221
Convert -12 (base 9) to base 7.
-14
Convert 311 (base 6) to base 7.
223
-13 (base 9) to base 14
-c
What is -1 (base 4) in base 12?
-1
What is -153 (base 9) in base 13?
-9c
What is -24 (base 8) in base 9?
-22
11 (base 12) to base 6
21
-124 (base 12) to base 3
-20101
Convert 4 (base 12) to base 6.
4
Convert -17 (base 14) to base 10.
-21
Convert -1 (base 16) to base 7.
-1
What is -3 (base 9) in base 10?
-3
-3 (base 14) to base 11
-3
-21 (base 15) to base 12
-27
What is -12 (base 8) in base 11?
-a
What is -204 (base 6) in base 9?
-84
Convert 0 (base 11) to base 4.
0
What is -10101001 (base 2) in base 4?
-2221
6d (base 16) to base 15
74
What is -11110 (base 3) in base 12?
-a0
Convert -23 (base 13) to base 12.
-25
What is -5 (base 12) in base 5?
-10
What is -2141 (base 5) in base 2?
-100101000
What is -6 (base 11) in base 6?
-10
What is 40 (base 10) in base 8?
50
Convert 3 (base 11) to base 10.
3
What is -28 (base 10) in base 15?
-1d
-5 (base 7) to base 15
-5
Convert -64 (base 15) to base 5.
-334
What is 14 (base 16) in base 10?
20
Convert 5 (base 11) to base 12.
5
Convert 2 (base 4) to base 7.
2
What is 3 (base 11) in base 3?
10
Convert -6c (base 14) to base 13.
-75
What is 222 (base 14) in base 16?
1a6
What is 55